 What is the remainder when f is divided by 6?
4
Let r = -24 + 37. Let m(s) = s**2 - 10*s + 8. Let f be m(7). Let o = f + 37. Calculate the remainder when o is divided by r.
11
What is the remainder when 50 is divided by (-1)/((-2)/11 - 15/(-143))?
11
Let n = -72 - -147. What is the remainder when n is divided by 39?
36
Let f = 24 + -5. Calculate the remainder when f is divided by 1 - (2 + 0) - -8.
5
Let w(p) = p - 5. Let i be w(4). Let u = 4 - -2. Let f = i + u. Calculate the remainder when 9 is divided by f.
4
Let f(l) = l**2 + 2*l + 4. Suppose -2*h + 0 = 4. What is the remainder when f(h) is divided by 2?
0
Calculate the remainder when 85 is divided by 152/14 + (-8)/(-56).
8
Let j = 11 - 4. Suppose 0*s - 3*s + j = 2*f, -s = 3*f + 7. Calculate the remainder when -1*2*2*-2 is divided by s.
3
Let x be (-8)/20 - 4/(-10). Suppose x*f = -5*f. Let q = 8 + f. Calculate the remainder when 22 is divided by q.
6
Suppose 0 = 3*g + 5*s - 64, -5*g - 2*s + 33 + 42 = 0. What is the remainder when 74/4*6/3 is divided by g?
11
Let k = -37 - -71. Calculate the remainder when k is divided by (-98)/(-8) - (-1)/(-4).
10
Let u = 60 - 43. Calculate the remainder when 64 is divided by u.
13
Suppose -8 + 4 = y. Let k be y*((-6)/(-4) + 1). Calculate the remainder when 52 is divided by 182/10 + 2/k.
16
Suppose 7*a - 8 = 3*a - 4*p, -3*p - 6 = 0. Calculate the remainder when 13 is divided by a.
1
Let t = 4 + 4. Calculate the remainder when t is divided by 5.
3
Suppose 3*n + 1 = 10. Calculate the remainder when 8 is divided by n.
2
Let g(i) = -11*i - 8. What is the remainder when 67 is divided by g(-2)?
11
Suppose u + 2*u - n - 24 = 0, -9 = -3*u - 4*n. Suppose -u*w + 3*w = -220. Calculate the remainder when w is divided by 19.
17
Let j(c) = -c**3 - 8*c**2 + c + 6. Let y be j(-8). Let n(k) = 2*k**3 + 3*k**2 - 2*k - 1. What is the remainder when n(2) is divided by y/(-4) - 138/(-12)?
11
Suppose 2*h + 55 = l - 38, -5*l = 5*h - 480. What is the remainder when l is divided by 24?
23
Let h(f) be the third derivative of f**6/120 + f**5/12 + f**4/12 - f**3/6 + 2*f**2. Let m be 48/(-15) + 2/10. What is the remainder when h(m) is divided by 4?
3
Let o(p) = p**2 + 2*p + 15. Calculate the remainder when 44 is divided by o(0).
14
Suppose 4 = 7*w - 66. Suppose 2*f + 18 = 3*f. What is the remainder when f is divided by w?
8
Suppose 0*g + 4*g = -b + 100, 16 = -4*b. What is the remainder when 51 is divided by g?
25
Let s = 26 - 0. What is the remainder when 77 is divided by s?
25
Let q = -30 - -42. Suppose 3*m - 4*a - 56 = 0, -q = -m - 6*a + 4*a. What is the remainder when m is divided by 9?
7
Suppose 7*o - 44 = -9. Calculate the remainder when (1 + -19)*(-2)/3 is divided by o.
2
Suppose -3*r = 5*j - 13, 0*r + 5*j - 5 = 5*r. Let c = 4 + r. Suppose -184 = -c*u + 96. What is the remainder when u is divided by 19?
18
Let l = 15 + 17. Let s(v) = -v + 2. Calculate the remainder when l is divided by s(-9).
10
Suppose -11*j + 12 = -10*j. Calculate the remainder when j is divided by 3.
0
Let v = 26 + 0. Let n = -9 - -18. What is the remainder when v is divided by n?
8
Suppose 12*t - 14*t = -236. Calculate the remainder when t is divided by 30.
28
Let h(x) = -x**2 - 7*x + 10. Let f be h(-7). Calculate the remainder when 4 is divided by f/6 - (-2)/6.
0
Suppose 3*w - 77 = l, -5*w = -3*w - 2*l - 50. Let v = 30 + -21. Calculate the remainder when w is divided by v.
8
Suppose 3*w = -4*x + 38 - 167, -4*w - 162 = 5*x. Let j = x - -52. Calculate the remainder when j is divided by 8.
6
Let o(t) = t**3 + 4*t**2 - 6*t - 1. Let a be o(-5). Suppose b - 1 - a = 0. Calculate the remainder when b is divided by 2.
1
Let r(t) = 17*t. Let w be (-1)/4 + 260/16. Suppose -5*i + 3*z = -w - 23, -4*z - 6 = i. What is the remainder when r(1) is divided by i?
5
Suppose -3*t + c + 13 = t, -5*t + 14 = c. What is the remainder when 4 is divided by t?
1
What is the remainder when 61 is divided by (25 + -1)/((-24)/(-16))?
13
Calculate the remainder when (-2)/(0 - 2) + 18/3 is divided by 4.
3
Suppose 2*p - 7*p = -20. What is the remainder when 15 is divided by p?
3
Let b = 524 - 252. Calculate the remainder when b is divided by 69.
65
Let y(i) = -i**2 - 8*i - 5. Calculate the remainder when -2 + (-20)/(-1 + -4) is divided by y(-7).
0
Suppose 12 = 7*v - 4*v. What is the remainder when 7 is divided by v?
3
Calculate the remainder when (-4)/16 - 106/(-8) is divided by 9.
4
Let k = -14 + 14. Let u(v) = v**3 - v**2 + 8. Suppose 4*p - p = 9. Calculate the remainder when u(k) is divided by p.
2
Let r(c) = c**2 + 7*c + 6. Let t be r(-4). What is the remainder when (3 - 0)/t*-42 is divided by 6?
3
Let i = 11 - -12. Let d = -1 + 4. Suppose 7*c = d*c + 48. Calculate the remainder when i is divided by c.
11
Let y be -2*(3/2 + 0). Let d = 4 + y. Suppose -h + 4*m = 7, -4*m + 5*m = 2. What is the remainder when d is divided by h?
0
Let k(t) = 2*t**2 + t + 2. Suppose -79 = -3*g - 10. Calculate the remainder when g is divided by k(2).
11
Suppose 5*g = 2*s + 16, -s + 17 = 3*g + 3. What is the remainder when 4 is divided by 1 + (g - (1 - -2))?
0
Let b(i) = -i**2 + 5*i + 2. Let z be b(5). Suppose z*f = -3*f + 20. Let o = f + 3. What is the remainder when 19 is divided by o?
5
Let y(x) = -x**3 - 8*x**2 + x + 8. Let v be y(-8). Let n be (-1 - (1 + -3))*v. What is the remainder when (-1 - -3) + n - -14 is divided by 9?
7
Let h(y) = -y + 5. Calculate the remainder when h(-8) is divided by 3.
1
Let l = 53 - -10. What is the remainder when l is divided by 33?
30
Let t(w) = 2*w - 6. Let m(y) = y - 7. Let p(v) = -3*m(v) + 4*t(v). Calculate the remainder when 19 is divided by p(2).
5
Suppose t - 8 = -2*p - p, p = -2*t + 21. What is the remainder when 19 is divided by t?
8
Suppose -2*w = 10 - 30. What is the remainder when w is divided by 6?
4
Let t = 5 + -10. Let b(x) = 2*x**2 + 7*x + 3. Let m(q) = -8*q + 4. Calculate the remainder when m(-6) is divided by b(t).
16
Let p be 1 + -9 + (-1 - -1). Let t be (-1)/(-3)*21 + -1. Calculate the remainder when 25 is divided by 58/t + p/12.
7
Suppose 4*v - m = 76, 0 = -3*v - 6*m + m + 80. Calculate the remainder when 138 is divided by v.
18
Suppose 4*p + 3*h - 32 = 0, -3*p = h - 18 - 11. Let l = p - 5. Suppose -22 = -3*n + 11. What is the remainder when n is divided by l?
5
Let v = 6 - 4. Let j = 22 + v. Suppose i = 14 + j. What is the remainder when i is divided by 13?
12
What is the remainder when 482/18 + (-28)/(-126) is divided by 14?
13
Let m = -1 + 5. Suppose m*w - 41 = -5*k, 4*k + 0*k - 49 = -5*w. Calculate the remainder when 16 is divided by w.
7
Let f(h) = h**2 - 5*h + 2. Let j be f(3). Let g = 4 + j. Suppose g = 2*c + 15 - 91. What is the remainder when c is divided by 13?
12
Let k be (0 + -3)/((-6)/(-4)). What is the remainder when (-4)/k + (-28)/(-4) is divided by 2?
1
Suppose 0 = 3*o - 773 - 1180. Suppose 5*t = 10, 0*t + o = 3*b + 3*t. Suppose -2*h + 7*h - b = 0. What is the remainder when h is divided by 15?
13
Suppose -5*d + 68 = -d. Let j be 4/(-6) + 1172/12. Let r = -47 + j. What is the remainder when r is divided by d?
16
Let k(b) = b**3 + 9*b**2 - b - 78. Suppose -9 = -2*y + 1. Suppose -r = 3*l - 17, 2*r - 19 = r - y*l. Calculate the remainder when k(-7) is divided by r.
13
Suppose 2*p = -3*p + 10. Suppose -k + 132 = p*k. Suppose -2*m + 0*m = -k. What is the remainder when m is divided by 12?
10
Let u(m) = m**3 + 8*m**2 - m - 11. Calculate the remainder when u(-6) is divided by 18.
13
Calculate the remainder when -3 - (-3 + 168/(-6)) is divided by 13.
2
Let a(r) = -r**3 - 4*r**2 - 4*r - 13. Suppose -8*q + 3*q = -35. What is the remainder when q is divided by a(-4)?
1
Suppose 269 = 3*c + 29. What is the remainder when c is divided by 41?
39
Let k = -20 - -14. Let o = 11 + k. Suppose o*g - 4 = 4*g. What is the remainder when g is divided by 3?
1
Calculate the remainder when (-192)/(-40)*-15*(-2)/9 is divided by 9.
7
Let v = -26 + 60. What is the remainder when v is divided by 9?
7
Let s = -39 - -60. Calculate the remainder when s is divided by 6.
3
Suppose 0 = -4*c + 2*z + 62, -2*z + 45 = 5*c + 2*z. What is the remainder when 23 is divided by c?
10
Suppose 0 = -2*b + 3*i + 52, b + 7*i = 4*i + 8. Suppose -b = -2*s + 20. Calculate the remainder when 38 is divided by s.
18
Suppose 1 + 0 = v. Suppose 